*u + 436505. Give x(-104).
17
Let i(d) = 2409*d - 130114. Give i(54).
-28
Let x(t) = 35*t - 2026. Calculate x(59).
39
Let f(v) = -2354*v - 44822. What is f(-19)?
-96
Let t(n) = -373*n - 12982. What is t(-35)?
73
Let p(r) = r**3 - 3*r**2 - 104*r - 25. Determine p(-9).
-61
Let k(q) = -399*q + 1382. What is k(7)?
-1411
Let c(h) = -45*h**2 - 1792*h + 3580. What is c(2)?
-184
Let v(d) = 19555*d + 98003. Determine v(-5).
228
Let z(h) = -171*h**3 - 20857*h**2 + 611*h + 163. Give z(-122).
41
Let k(c) = c**3 - 70*c**2 - 12704*c + 740. Give k(153).
-25
Let a(z) = z**2 - 73*z - 416. What is a(79)?
58
Let s(z) = 10*z**3 + 13*z**2 - 171*z - 6. Calculate s(-5).
-76
Let t(s) = -8*s**3 - 41*s**2 - 297*s - 153. Determine t(-8).
3695
Let o(l) = 1185*l + 5946. Give o(-5).
21
Let b(c) = -1250*c + 727571. Determine b(582).
71
Let l(v) = -7*v**3 - 1149*v**2 - 169*v - 832. Determine l(-164).
-12
Let j(n) = -40682*n + 244052. What is j(6)?
-40
Let w(j) = j**2 - 16305*j - 2567917. Give w(-156).
-1
Let a(y) = -y**3 - 5918*y**2 - 41350*y + 192. Give a(-7).
3
Let w(s) = -24*s**3 - 109*s**2 + 9*s - 185. Give w(-5).
45
Let c(q) = 17593*q - 17606. Give c(1).
-13
Let r(u) = 180*u**2 + 15314*u + 1170. Give r(-85).
-20
Let w(t) = 10*t**2 + 346*t - 4475. Calculate w(13).
1713
Let q(p) = -p**3 - 113*p**2 - 217*p - 433. Determine q(-111).
-988
Let g(t) = -179*t**2 + 18444*t - 344. What is g(103)?
377
Let d(j) = -2*j**2 + 5530*j - 16581. Give d(3).
-9
Let z(o) = 2*o**3 - 10*o**2 - 92*o + 851. Give z(10).
931
Let m(r) = 1100*r - 4441. What is m(6)?
2159
Let p(q) = -92*q**2 + 478*q - 607. Give p(3).
-1
Let q(r) = r**2 + 581*r - 7780. Calculate q(13).
-58
Let d(k) = -416*k + 22497. What is d(51)?
1281
Let j(p) = 520*p + 1825. What is j(-5)?
-775
Let w(b) = b**3 + 401*b**2 + 798*b - 313639. Calculate w(-397).
-9
Let u(r) = -6617*r - 1733647. Give u(-262).
7
Let n(t) = -t**3 - 2*t**2 + 1648*t - 40. Give n(40).
-1320
Let w(p) = p**3 - 148*p**2 + 114*p + 5236. Give w(147).
385
Let a(h) = h**2 + 790*h + 50090. Calculate a(-70).
-310
Let c(v) = 2437*v + 28573. Determine c(-12).
-671
Let s(c) = -99*c**3 + 693*c**2 - 354*c + 2492. What is s(7)?
14
Let y(c) = -3808*c - 1619. Determine y(-1).
2189
Let x(i) = 5690*i**2 + 215*i - 209. Give x(1).
5696
Let o(u) = 48*u**3 + 148*u**2 + 62*u - 211. Determine o(1).
47
Let v(u) = -501*u + 4485. Calculate v(11).
-1026
Let k(b) = 1016*b - 3209. Give k(3).
-161
Let h(f) = -3970*f - 496180. Calculate h(-125).
70
Let j(m) = 798*m + 28027. Determine j(-35).
97
Let x(t) = 2*t**2 - 191*t - 5641. Determine x(119).
-48
Let f(j) = 7*j**3 - 18*j**2 - 1396*j + 1407. What is f(1)?
0
Let z(b) = -b**2 - 334*b - 13711. Give z(-63).
3362
Let t(l) = l**3 - 20*l**2 + 493*l - 10804. What is t(21)?
-10
Let z(r) = -r**3 - 135*r**2 + 304*r + 4105. What is z(-137)?
-5
Let g(u) = -148*u**2 + 9027*u + 170. What is g(61)?
109
Let t(b) = -175*b + 12879. What is t(72)?
279
Let o(n) = -5*n**2 + 1293*n + 8480. Calculate o(265).
0
Let g(q) = 2*q**2 - 43143*q - 86287. Calculate g(-2).
7
Let y(d) = 532553*d + 2662811. Determine y(-5).
46
Let v(c) = c**3 - 8*c**2 - 943*c + 1782. What is v(-28)?
-38
Let k(i) = i**3 + 5*i**2 - 499*i - 197. Determine k(20).
-177
Let h(y) = -y**3 - 9*y**2 + 122*y - 76. Calculate h(-16).
-236
Let r(o) = 34290*o - 34590. Give r(1).
-300
Let j(b) = 12912*b - 23125400. Determine j(1791).
-8
Let l(b) = 3*b**2 - 1362*b + 144480. What is l(169)?
-15
Let l(y) = 109*y - 6182. What is l(56)?
-78
Let j(i) = -2*i**3 - 79*i**2 - 835*i - 1183. Determine j(-21).
35
Let c(i) = 1225*i + 24513. Calculate c(-20).
13
Let h(z) = -32*z**2 + 1278*z + 1347. What is h(41)?
-47
Let b(f) = -9236*f + 18483. Give b(2).
11
Let i(u) = u**3 + 867*u**2 - 4419*u - 3831279. Determine i(-867).
-6
Let s(h) = -82*h**2 + 5174*h + 4684. Determine s(64).
-52
Let g(l) = 2*l**2 + 142*l + 78. What is g(-62)?
-1038
Let l(f) = 1333*f**2 + 31979*f - 156. Determine l(-24).
156
Let v(b) = -467*b**3 + 203147*b**2 - 871*b + 433. Give v(435).
-2
Let f(d) = -2*d**2 - 450*d - 7028. What is f(-15)?
-728
Let k(m) = 4642*m + 41747. Determine k(-9).
-31
Let q(o) = 2620*o - 10947. Give q(4).
-467
Let r(c) = 349*c - 80614. Determine r(231).
5
Let k(n) = 51163*n + 1534889. What is k(-30)?
-1
Let h(i) = -5*i**2 - 1082*i - 46808. Give h(-157).
-179
Let y(q) = -701786*q - 2105344. Calculate y(-3).
14
Let h(d) = 2*d**3 + 20*d**2 - 184*d + 45. Give h(-16).
-83
Let m(s) = 259*s**2 + 20716*s - 366. Determine m(-80).
-46
Let j(c) = -c**3 - 11*c**2 + 7368*c + 88260. What is j(-12)?
-12
Let n(v) = -90432*v - 1175608. Determine n(-13).
8
Let a(v) = 1460*v + 29004. Give a(-19).
1264
Let f(n) = n**3 + 16*n**2 - 431*n - 6999. Calculate f(-17).
39
Let y(n) = -2*n**2 - 445*n + 162813. What is y(195)?
-12
Let m(g) = -2085*g**3 - 54217*g**2 - 186*g - 91. What is m(-26)?
13
Let s(r) = 2*r**2 - 273*r - 8245. Calculate s(-26).
205
Let m(n) = -7*n**3 - 39*n**2 + 128*n - 7. What is m(3)?
-163
Let f(s) = -s**2 + 77*s - 631. Give f(67).
39
Let z(c) = c**2 - 1118*c - 40370. Calculate z(-35).
-15
Let v(a) = 997*a**2 - 20892*a - 964. Calculate v(21).
-19
Let t(f) = f**3 - 287*f**2 - 135*f - 44113. Calculate t(288).
-49
Let o(x) = -25*x**2 - 5346*x + 45281. Give o(-222).
-7
Let t(d) = 1175*d**2 + 30*d - 32. Determine t(1).
1173
Let v(t) = 198*t + 2736. What is v(3)?
3330
Let o(u) = u**3 - 363*u**2 - 5505*u - 62372. Determine o(378).
-2
Let p(a) = -91*a**2 - 15112*a - 969. What is p(-166)?
27
Let f(o) = -893*o**2 - 1053*o - 9. Determine f(-1).
151
Let h(w) = -w**2 + 17260*w - 1391334. Give h(81).
165
Let k(t) = -7*t**2 - 504*t + 936. Determine k(-74).
-100
Let j(v) = -v**3 + 6*v**2 + 59*v + 4. What is j(18)?
-2822
Let l(u) = -3*u**2 - 449*u - 2080. Give l(-153).
-3610
Let f(k) = -4*k**3 - 3*k**2 + 553*k + 1115. Determine f(-2).
29
Let o(n) = 1293*n + 168601. Calculate o(-133).
-3368
Let t(j) = j**2 + 5084*j + 503347. Give t(-101).
64
Let z(p) = -3*p**2 + 863*p + 11926. Give z(301).
-114
Let l(f) = -836*f + 14344. What is l(17)?
132
Let f(t) = -79*t**2 - 743*t - 295. Give f(-9).
-7
Let k(q) = -1639*q + 616280. What is k(376)?
16
Let v(d) = -9*d**2 + 14215*d - 141257. Give v(10).
-7
Let q(f) = 3*f**3 - 59*f**2 - 280*f + 5213. What is q(20)?
13
Let v(u) = u**3 + 1153*u**2 + 67644*u + 134. Give v(-62).
10
Let f(c) = c**3 - 84*c**2 + 255*c + 2360. Determine f(80).
-2840
Let x(r) = 29782*r + 1340170. What is x(-45)?
-20
Let r(o) = -5459*o + 382129. Give r(70).
-1
Let d(y) = 2*y**3 + 91*y**2 - 16*y + 1347. Give d(-46).
-33
Let v(a) = a**3 - a**2 - 85*a + 27. Calculate v(18).
4005
Let q(u) = -2*u**2 - 4341*u - 281633. Calculate q(-67).
236
Let w(c) = c**2 - 943*c + 209188. What is w(357)?
-14
Let n(s) = 17*s**3 - 8822*s**2 - 517*s - 1036. Determine n(519).
2
Let f(r) = -r**3 - 61*r**2 + 817*r + 66774. Give f(-52).
-46
Let z(t) = 18*t**2 + 980*t - 281. Determine z(-55).
269
Let n(y) = -2*y**3 + 117*y**2 + 512*y + 256. Determine n(-4).
208
Let i(v) = -2*v**2 + 410*v - 737. Calculate i(0).
-737
Let r(s) = 66*s**2 - 74754*s + 122138. Calculate r(1131).
-10
Let v(o) = -o**3 - 17*o**2 + 23*o + 25. What is v(-17)?
-366
Let g(x) = -3*x**3 - 45*x**2 + 4*x - 386. Give g(-15).
-446
Let l(i) = 18*i**3 + 220*i**2 + 21*i - 28. Give l(-8).
4668
Let i(y) = -7*y**2 - 135*y - 99. Calculate i(-11).
539
Let m(u) = 6*u**3 - 1869*u**2 + 923*u + 3103. What is m(311)?
-7
Let y(x) = -2*x**3 - 4*x**2 - 2817*x - 11327. Determine y(-4).
5
Let y(t) = -t**3 + 14*t**2 + 156*t - 24. What is y(-9)?
435
Let a(z) = 239810*z + 239780. Determine a(-1).
-30
Let w(l) = 3*l**3 + 3541*l**2 + 767*l - 487338. Give w(-1180).
2
Let h(p) = p**3 + 45*p**2 - 234*p - 12132. What is h(-44)?
100
Let n(d) = -4*d**3 + 1750*d**2 - 951*d + 33645. Give n(437).
-4
Let g(s) = s**3 - 115*s**2 + 1326*s - 10. Determine g(102).
-10
Let b(c) = c**2 + 612*c - 26167. Determine b(40).
-87
Let d(c) = -44782*c + 403048. What is d(9)?
10
Let y(a) = 3*a**3 - 16*a**2 - 73*a - 30. Calculate y(-6).
-816
Let o(h) = 3*h**3 - 584*h**2 - 203*h + 220. Determine o(195).
-1340
Let k(c) = 61*c + 15531. What is k(-256)?
-85
Let b(k) = -3301*k + 26440. Calculate b(8).
32
Let x(u) = -u**2 - 2329*u + 28041. Calculate x(12).
-51
Let o(s) = -2*s**3 - 154*s**2 - 466*s - 1605. Calculate o(-74).
23
Let z(o) = 462*o**2 + 2090*o - 2090. Giv